{"id":59,"date":"2014-01-04T21:55:02","date_gmt":"2014-01-04T21:55:02","guid":{"rendered":"http:\/\/musoshindenryu.fi\/sanapaino\/?page_id=59"},"modified":"2020-10-03T15:29:41","modified_gmt":"2020-10-03T13:29:41","slug":"tervetuloa-welcome","status":"publish","type":"page","link":"https:\/\/musoshindenryu.fi\/","title":{"rendered":"Tervetuloa! Welcome!"},"content":{"rendered":"\n<table id=\"tablepress-1\" class=\"tablepress tablepress-id-1\">\n<tbody>\n<tr class=\"row-1\">\n\t<td class=\"column-1\">Tervetuloa Suomen Muso Shinden Ryu Yhdistys ry:n kotisivuille. T\u00e4\u00e4lt\u00e4 l\u00f6yd\u00e4t tietoa Mus\u014d Shinden Ry\u016b -tyylin iaidosta ja sen harjoittelemisesta sek\u00e4 yhdistyksen toiminnasta.<br \/>\n<br \/>\nSivuilla kerrotaan my\u00f6s opettajastamme Takada-senseist\u00e4 sek\u00e4 h\u00e4nen dojostaan, joka on nimelt\u00e4\u00e4n Yushingi-juku Takada Dojo.<\/td><td class=\"column-2\"><img src=\"http:\/\/musoshindenryu.fi\/sanapaino\/wp-content\/uploads\/2014\/01\/MSR-isot-kanjit-pysty.NJX-_.png\" alt=\"\" width=\"40\" height=\"214\" class=\"aligncenter size-medium wp-image-167\" \/><\/td><td class=\"column-3\">Welcome to the pages of The Muso Shinden Ryu Association of Finland. The purpose of these pages is to function as a source of information about Muso Shinden Ryu style iaido, its practice in Finland and the activities of the Association.<br \/>\n<br \/>\nThere is also information about our teacher Takada-sensei and his dojo Yushingi-juku Takada Dojo. Moving your cursor over the menu items above will let you access the page in English.<\/td>\n<\/tr>\n<\/tbody>\n<\/table>\n<!-- #tablepress-1 from cache -->\n<p>Leirikalenterin l\u00f6yd\u00e4t <a href=\"https:\/\/www.iaido.fi\/?page_id=56\">t\u00e4\u00e4lt\u00e4<\/a> \/ The seminar calendar can be found <a href=\"https:\/\/www.iaido.fi\/?page_id=56\">here<\/a><\/p>\n","protected":false},"excerpt":{"rendered":"<p>Leirikalenterin l\u00f6yd\u00e4t t\u00e4\u00e4lt\u00e4 \/ The seminar calendar can be found here<\/p>\n","protected":false},"author":1,"featured_media":0,"parent":0,"menu_order":0,"comment_status":"open","ping_status":"open","template":"page-templates\/front-page.php","meta":[],"_links":{"self":[{"href":"https:\/\/musoshindenryu.fi\/index.php?rest_route=\/wp\/v2\/pages\/59"}],"collection":[{"href":"https:\/\/musoshindenryu.fi\/index.php?rest_route=\/wp\/v2\/pages"}],"about":[{"href":"https:\/\/musoshindenryu.fi\/index.php?rest_route=\/wp\/v2\/types\/page"}],"author":[{"embeddable":true,"href":"https:\/\/musoshindenryu.fi\/index.php?rest_route=\/wp\/v2\/users\/1"}],"replies":[{"embeddable":true,"href":"https:\/\/musoshindenryu.fi\/index.php?rest_route=%2Fwp%2Fv2%2Fcomments&post=59"}],"version-history":[{"count":17,"href":"https:\/\/musoshindenryu.fi\/index.php?rest_route=\/wp\/v2\/pages\/59\/revisions"}],"predecessor-version":[{"id":436,"href":"https:\/\/musoshindenryu.fi\/index.php?rest_route=\/wp\/v2\/pages\/59\/revisions\/436"}],"wp:attachment":[{"href":"https:\/\/musoshindenryu.fi\/index.php?rest_route=%2Fwp%2Fv2%2Fmedia&parent=59"}],"curies":[{"name":"wp","href":"https:\/\/api.w.org\/{rel}","templated":true}]}}