{"id":68,"date":"2014-01-05T22:10:19","date_gmt":"2014-01-05T20:10:19","guid":{"rendered":"http:\/\/musoshindenryu.fi\/sanapaino\/?page_id=68"},"modified":"2019-12-20T18:12:45","modified_gmt":"2019-12-20T16:12:45","slug":"member-clubs","status":"publish","type":"page","link":"https:\/\/musoshindenryu.fi\/?page_id=68","title":{"rendered":"Member clubs of the Finnish Mus\u014d Shinden Ry\u016b Association"},"content":{"rendered":"<h3>Aikidoseura Hokutokai ry<\/h3>\n<p>Dojo Address: Alasintie 3, 90400 Oulu<br \/>\nURL: <a href=\"http:\/\/www.hokutokai.fi\">Hokutokai WWW<\/a><br \/>\nPostiosoite: Aikidoseura Hokutokai ry, Sivakkatie 5, 90230 Oulu<br \/>\nInstructor: Ilpo Konttinen, 3. dan iaid\u00f4<br \/>\nStyle: Mus\u00f4 Shinden ry\u00fb iaid\u00f4<br \/>\nJapanese Affiliation: Nippon Iaid\u00f4 Ky\u00f4kai (NIK)<br \/>\nOther Arts: Aikido (Aikikai), Shind\u00f4 Mus\u00f4 Ry\u00fb J\u00f4d\u00f4<br \/>\nContact: Ilpo Konttinen<br \/>\nE-mail: konttinenilpo [at] gmail.com<\/p>\n<h3>Hikari ry<\/h3>\n<p>Dojo Address: Helsinki<br \/>\nURL: <a href=\"http:\/\/www.hikari.fi\">Hikari WWW<\/a><br \/>\nInstructors: Mikael Kivel\u00e4, 6. dan iaid\u00f4; Vesa Varhee, 5. dan iaid\u00f4; Joonas Tuominen, 5. dan iaid\u00f4<br \/>\nStyle: Mus\u00f4 Shinden ry\u00fb iaid\u00f4<br \/>\nJapanese Affiliation: Nippon Iaid\u00f4 Ky\u00f4kai (NIK)<br \/>\nOther Arts: Heki ry\u00fb ky\u00fbd\u00f4, Niten Ichi Ryu kenjutsu, Shind\u00f4 Mus\u00f4 Ry\u00fb J\u00f4d\u00f4, Mugai Ry\u00fb Iaid\u00f4<br \/>\nContact: Joonas Tuominen<br \/>\nE-mail: iaido [at] hikari.fi<\/p>\n<h3>Ichiwakai ry<\/h3>\n<p>Dojo Address: Lappeenranta<br \/>\nURL: <a href=\"https:\/\/www.facebook.com\/Ichiwakairy\"> Ichiwakai FB<\/a><br \/>\nInstructor: Juhana Suihkonen, 2. dan iaid\u00f4<br \/>\nStyle: Mus\u00f4 Shinden ry\u00fb iaid\u00f4<br \/>\nJapanese Affiliation: Nippon Iaid\u00f4 Ky\u00f4kai (NIK)<br \/>\nOther Arts: Mugai Ry\u00fb Iaid\u00f4<br \/>\nContact: Juhana Suihkonen, Kiiskinm\u00e4enkatu 35, FIN-53400 Lappeenranta<br \/>\nTel: +358 (0)5 458 7490<br \/>\nE-mail: juhana.suihkonen [at] suomi24.fi<\/p>\n<h3>Jigotai ry<\/h3>\n<p>Dojo Address: Kuokkalan Graniitti, Karate Dojo, Pohjanlahdentie 12, 40520 Jyv\u00e4skyl\u00e4<br \/>\nURL: <a href=\"http:\/\/www.jigotai.fi\/iaid\u00f4\/\">Jigotai WWW<\/a><br \/>\nInstructors: Mikko Oksa, 6. dan iaid\u00f4; Ville Pokela, 5. dan iaid\u00f4<br \/>\nStyle: Mus\u00f4 Shinden ry\u00fb iaid\u00f4<br \/>\nJapanese Affiliation: Nippon Iaid\u00f4 Ky\u00f4kai (NIK)<br \/>\nOther Arts: aikido (Aikikai), judo, karate (Shorinji ryu), kickboxing, taido, taiji and Hokutoryu jujutsu<br \/>\nContact: Mikko Oksa<br \/>\nTel: +358 (0)50- 31 7291<br \/>\nE-mail: mikko.oksa [at] pp1.inet.fi<\/p>\n<h3>Kawaguchi iaidoo ry<\/h3>\n<p>Dojo Address: Joensuu<br \/>\nURL: <a href=\"http:\/\/www.kawaguchi.fi\/\">Kawaguchi WWW<\/a><br \/>\nInstructor: Terttu Rajala, 4. dan iaid\u00f4<br \/>\nStyle: Mus\u00f4 Shinden ry\u00fb iaid\u00f4<br \/>\nJapanese Affiliation: Nippon Iaid\u00f4 Ky\u00f4kai (NIK)<br \/>\nOther Arts: Shind\u00f4 Mus\u00f4 Ry\u00fb J\u00f4d\u00f4, Mugai Ry\u00fb Iaid\u00f4<br \/>\nContacts: Terttu Rajala (chair), Tel. +358 (0)40 931 1056, terttu.rajala [at] uef.fi<\/p>\n<h3>Liedon Budo<\/h3>\n<p>Dojo Address: Lieto<br \/>\nURL: <a href=\"https:\/\/www.facebook.com\/liedonbudo\/\">Liedon Budo<\/a><br \/>\nInstructor: Sampsa Pesonen, 5. dan iaid\u00f4<br \/>\nStyle: Mus\u00f4 Shinden ry\u00fb iaid\u00f4<br \/>\nJapanese Affiliation: Nippon Iaid\u00f4 Ky\u00f4kai (NIK)<br \/>\nContact: Sampsa Pesonen<br \/>\nEmail: stpesonen [at] gmail.com<\/p>\n<h3>Meido-Kan ry<\/h3>\n<p>Dojo Address: P\u00e4ij\u00e4nteentie 1, FIN-00550 Helsinki<br \/>\nDojo Puh: +358 (0)9 870 2901 &#8211; Fax: +358 (0)9 870 2935<br \/>\nURL: <a href=\"https:\/\/www.facebook.com\/iaidohelsinki\/\">Meido-Kan FB<\/a><br \/>\nInstructors: Vesa Tuukkanen, renshi, 6. dan iaid\u00f4; Leif Gr\u00f6nberg, renshi, 6. dan iaid\u00f4<br \/>\nStyle: Mus\u00f4 Shinden ry\u00fb iaid\u00f4<br \/>\nJapanese Affiliation: Nippon Iaid\u00f4 Ky\u00f4kai (NIK)<br \/>\nOther Arts: aikido (Aikikai), judo, karate (Wadoryu), Tai ji (Yang and Wu)<br \/>\nContact: Vesa Tuukkanen, Lapinlahdenkatu 19 A4, 00180 Helsinki<br \/>\nTel: +358 (0)40 755 3844<br \/>\nE-mail: vesa.tuukkanen [at] gmail.com<\/p>\n<h3>Tampereen iaidoseura ry<\/h3>\n<p>Dojo Address: Tampere<br \/>\nURL: <a href=\"http:\/\/www.tampereeniaid\u00f4seura.fi\">Tampereen Iaidoseura WWW<\/a><br \/>\nInstructors: Tero Laiho, 5. dan iaid\u00f4<br \/>\nStyle: Mus\u00f4 Shinden ry\u00fb iaid\u00f4<br \/>\nJapanese Affiliation: Nippon Iaid\u00f4 Ky\u00f4kai (NIK)<br \/>\nContact: Tero Laiho<br \/>\nTel: +358 (0) 50-462 3073<br \/>\nE-mail: tampereeniaidoseura [at] gmail.com<\/p>\n<h3>Turku Aikikai ry<\/h3>\n<p>Dojo Address: Shaolin, Linnankatu 61 , FIN-20110 Turku<br \/>\nURL: <a href=\"http:\/\/www.turkuaikikai.fi\/\">Turku Aikikai WWW<\/a><br \/>\nInstructor: Jari Nevalainen, renshi 7. dan\u00a0iaid\u00f4; Juho Koivisto, 5. dan iaid\u00f4<br \/>\nStyle: Mus\u00f4 Shinden ry\u00fb iaid\u00f4<br \/>\nJapanese Affiliation: Nippon Iaid\u00f4 Ky\u00f4kai (NIK)<br \/>\nOther Arts: aikido (Aikikai), Tenshin Shoden Katori Shint\u00f4 ry\u00fb bujutsu<br \/>\ncontact: Juho Koivisto<br \/>\nE-mail: iaid\u00f4 [at] turkuaikikai.fi<\/p>\n","protected":false},"excerpt":{"rendered":"<p>Aikidoseura Hokutokai ry Dojo Address: Alasintie 3, 90400 Oulu URL: Hokutokai WWW Postiosoite: Aikidoseura Hokutokai ry, Sivakkatie 5, 90230 Oulu Instructor: Ilpo Konttinen, 3. dan iaid\u00f4 Style: Mus\u00f4 Shinden ry\u00fb iaid\u00f4 Japanese Affiliation: Nippon Iaid\u00f4 Ky\u00f4kai (NIK) Other Arts: Aikido (Aikikai), Shind\u00f4 Mus\u00f4 Ry\u00fb J\u00f4d\u00f4 Contact: Ilpo Konttinen E-mail: konttinenilpo [at] gmail.com Hikari ry Dojo [&hellip;]<\/p>\n","protected":false},"author":1,"featured_media":0,"parent":24,"menu_order":0,"comment_status":"open","ping_status":"open","template":"","meta":[],"_links":{"self":[{"href":"https:\/\/musoshindenryu.fi\/index.php?rest_route=\/wp\/v2\/pages\/68"}],"collection":[{"href":"https:\/\/musoshindenryu.fi\/index.php?rest_route=\/wp\/v2\/pages"}],"about":[{"href":"https:\/\/musoshindenryu.fi\/index.php?rest_route=\/wp\/v2\/types\/page"}],"author":[{"embeddable":true,"href":"https:\/\/musoshindenryu.fi\/index.php?rest_route=\/wp\/v2\/users\/1"}],"replies":[{"embeddable":true,"href":"https:\/\/musoshindenryu.fi\/index.php?rest_route=%2Fwp%2Fv2%2Fcomments&post=68"}],"version-history":[{"count":25,"href":"https:\/\/musoshindenryu.fi\/index.php?rest_route=\/wp\/v2\/pages\/68\/revisions"}],"predecessor-version":[{"id":426,"href":"https:\/\/musoshindenryu.fi\/index.php?rest_route=\/wp\/v2\/pages\/68\/revisions\/426"}],"up":[{"embeddable":true,"href":"https:\/\/musoshindenryu.fi\/index.php?rest_route=\/wp\/v2\/pages\/24"}],"wp:attachment":[{"href":"https:\/\/musoshindenryu.fi\/index.php?rest_route=%2Fwp%2Fv2%2Fmedia&parent=68"}],"curies":[{"name":"wp","href":"https:\/\/api.w.org\/{rel}","templated":true}]}}